*c**2 + c - o*c - c**2 + 2 - 3. Is a(2) a composite number?
False
Let l(c) = -c**3 - 3*c**2 + 3*c - 4. Let v be 8/(-6)*(-3)/(-1). Let k be l(v). Suppose 230 = -k*i + 2*i. Is i a composite number?
True
Let t(s) = -5*s**3 - 14*s**2 - 22*s - 17. Is t(-8) composite?
False
Suppose -2*d + j + 4*j = -4644, -2*j + 6947 = 3*d. Is d prime?
False
Is 21520/12 - (-5)/(-15) composite?
True
Let k(a) = -5*a**2 - a - 8. Let p(f) = -6*f**2 - 2*f - 9. Let h(q) = -4*k(q) + 3*p(q). Let j(n) = n - 8. Let c be j(0). Is h(c) composite?
False
Let z be (14/(-3))/((-16)/(-24)). Is 2/z + (-1314)/(-42) a composite number?
False
Suppose 3*h = 9 + 3. Suppose -h*m - 6 = -14. Suppose m*l - n = 75, -3*l + 109 = -0*l + 2*n. Is l composite?
False
Let k(y) = y**3 + y**2 + 12. Let q be k(0). Let i be q/(-1*2) - -2. Let d(w) = -6*w - 5. Is d(i) composite?
False
Is (-6)/(-9) + (-1144)/(-3) - 1 prime?
False
Let p be -6 - (0 - 0)/2. Let o(r) be the third derivative of -r**6/120 - r**5/10 - 7*r**4/24 - r**3/2 - r**2. Is o(p) a prime number?
False
Suppose 0 = 2*h - h + 236. Is h/(-5) + (-2)/10 prime?
True
Let g(d) = 317*d + 2. Is g(1) a prime number?
False
Let d(s) = 5*s**2 + 19*s + 3. Is d(-6) prime?
False
Suppose -4*m - i = m - 59, -4*i - 28 = -2*m. Suppose -2*o + m = 4. Suppose 0 = -o*f - 8, z + 462 = 3*z + 2*f. Is z a prime number?
True
Suppose -12*f + 1757 + 2119 = 0. Is f prime?
False
Let s = 22 + -19. Is s composite?
False
Let k(b) = -b**2 + 15*b - 10. Let f be k(11). Suppose -j = -143 + f. Is j a prime number?
True
Let g be (-8)/(-12) + 10/(-6). Is 1/(2/(-398)*g) a composite number?
False
Let h be 12/(-18) + (-236)/(-3). Let a = h - 41. Is a a prime number?
True
Let v(q) = -1 - 2 + 3*q + 2*q**2 - 2 - 4*q. Let i be v(7). Suppose 0 = -4*j + 230 + i. Is j prime?
True
Let s(x) = 9*x**3 + x**2 - 1. Let j be s(1). Let z(d) = d**2 + 5*d + 1. Is z(j) a prime number?
True
Let z = -8 - -8. Suppose 0 = -z*q + 6*q - 1770. Is q composite?
True
Suppose -4*o = -u - 42500 + 5994, 8 = 4*u. Is o composite?
False
Suppose -3*g + 2*g = 3. Is (g/6)/((-2)/1012) a composite number?
True
Suppose 0 = 4*v - 4*z, -2*v = v + 5*z - 32. Suppose c = -v*c. Is (-7)/(-1 + c + 0) a composite number?
False
Let p = 2140 - 1086. Suppose b - p = -3*b + 2*l, 521 = 2*b + 5*l. Is b composite?
False
Let z(m) be the first derivative of m**4/4 + 7*m**3/3 - 4*m**2 + 2*m - 2. Let i be z(-8). Suppose 0 = k + i - 5. Is k prime?
True
Let p(n) = n**3 + n**2 + n + 469. Is p(0) prime?
False
Let h = 201 - 109. Let l = h - -65. Is l prime?
True
Let u be (0 + (3 - 5))*2. Is u - (4 - 7)*10 a prime number?
False
Suppose p - j + 247 = 84, 5*p + 4*j = -806. Let l = p - -81. Let d = l - -230. Is d a prime number?
True
Suppose 2*h - 6*h = -12. Suppose -c + t - h*t - 6 = 0, 2*t + 12 = -2*c. Let y(k) = -k**2 - 9*k - 7. Is y(c) prime?
True
Suppose -4*n - 17 = 103. Is (-4482)/n + (-4)/10 composite?
False
Let o(x) = x**2 + 6*x + 13. Let s be o(-10). Suppose 5*d = 4*d + s. Is d a prime number?
True
Suppose -5*a + 4*d + 24021 = 8646, 15415 = 5*a + 4*d. Is a a prime number?
True
Let l(n) be the third derivative of 9*n**5/10 - n**4/12 + n**3/6 - 10*n**2. Let c = 0 - -1. Is l(c) a composite number?
False
Suppose -13 = 3*d - 85. Suppose 2*k - 28 + 2 = 0. Let s = d + k. Is s a prime number?
True
Suppose 0 = 2*r - 5*f + 8 - 31, 0 = -f - 5. Let k = r - 0. Is 92/(-12)*(-2 + k) prime?
True
Let x = 4087 - 38. Is x a prime number?
True
Let k = 872 - 429. Is k prime?
True
Let d be (-32)/12*162/8. Let g = d + 248. Is g composite?
True
Let h be 3 - 10/(0 + 2). Is (h/4)/((-5)/1090) prime?
True
Suppose 2*q + 5*u + 1335 - 7452 = 0, 2*u = 5*q - 15307. Is q composite?
False
Suppose j - 2*x = 3*x + 617, 4*x = 2*j - 1246. Suppose 3*a + g = -0*g + 3, 5*g - 15 = -2*a. Suppose 3*w + 0*w - j = a. Is w prime?
False
Suppose 0 = -4*h + 4*t - 4, 5*h - t - 2*t = 1. Is 3/6*36/h a prime number?
False
Let p be 1 + 2 + -2 + -2. Let m be -1 + 2 + 1/p. Suppose 4*l + 2 + 2 = 0, -x + l + 20 = m. Is x a composite number?
False
Let s = 6121 - 3588. Is s composite?
True
Let k = 13 + -9. Suppose h - k*h = -153. Is h a prime number?
False
Suppose -3 - 3 = -z. Suppose z*d - 2*d = 4. Is d/(0 - 2/(-230)) a prime number?
False
Let h = 5 + -9. Let p be ((-6)/h)/(4/88). Let u = -18 + p. Is u a composite number?
True
Let r be -14 - (-3 + 6 + -5). Let z = 10 + r. Is 88 + z*(-2)/4 a prime number?
True
Suppose -670 = -3*s + d + 616, -5*s = -5*d - 2160. Is s a composite number?
True
Suppose 3*d = 7*d + 8. Let p = 1 - d. Is p a prime number?
True
Let u = 1285 - 644. Is u a composite number?
False
Is (-2 - -1)/(1/(-1409)) prime?
True
Let m(r) = 9*r**3 - 3*r**3 - r + 4*r**3. Suppose u = -5*s, 0 = s - 7*u + 4*u - 16. Is m(s) composite?
True
Suppose 0 = -3*l - 0*l - 3. Let z(q) = 54*q**2 - 1. Is z(l) a prime number?
True
Suppose 0 = 4*w - 0 - 8. Suppose -3*o - w*o = -290. Is o a prime number?
False
Let y(c) = -2*c**3 - 6*c**2 - 9*c + 1. Is y(-4) a prime number?
False
Let y(u) = -36*u - 31. Is y(-8) composite?
False
Is (-3)/2 - ((-39445)/2)/5 composite?
False
Is (-32 + -2)/((-14)/161) a composite number?
True
Let o(s) = 2*s + 9. Let m be o(-8). Let i(w) = -18*w - 5. Is i(m) composite?
True
Let i be 1*(-2)/(-4 + 2). Let u(b) = 3*b**3 + b**2 - 1. Let g be u(i). Let y = 11 + g. Is y a composite number?
True
Let p(h) = 26*h**2 + 12*h + 15. Is p(11) composite?
True
Let l(t) = 8*t**2 + 2*t - 3. Let p be l(6). Let g = p - 97. Suppose -4*d = -g - 20. Is d a prime number?
False
Let w(q) = 24*q**2 + 2*q - 3. Let x be w(-4). Suppose -x = -4*i + 223. Is i prime?
True
Suppose -2*x + 5*x + 5*p = -10, 4*p = -4*x. Suppose -321 = x*q - 1126. Is q prime?
False
Suppose 0 = -4*j + 9*j - 1655. Is j a prime number?
True
Is (-3)/(12/118)*(-8)/2 prime?
False
Suppose -r + 106 = 4*m, -4*r = -m - 522 + 149. Is r prime?
False
Let m be (1/2)/(3/(-6)). Is 4*m*870/(-24) composite?
True
Suppose 3*k + 4 = -17. Is 95 - k/((-21)/(-6)) a composite number?
False
Is (1*-1 - -12)/(25/1075) a composite number?
True
Suppose -4*n + 2*n - 88 = 0. Let x be n/2 - (1 - 4). Let p = x - -66. Is p composite?
False
Suppose -t + 2 + 8 = 0. Let k(i) = -i**3 + 9*i**2 + 9*i + 14. Is k(t) prime?
False
Suppose -353 = -3*a - a + 3*q, 3*a - q = 266. Is a prime?
True
Suppose -3*w - 710 = 2*w. Let k(c) = 75*c**2 - 3*c - 3. Let p be k(-2). Let d = w + p. Is d composite?
True
Let f(v) = 426*v**2 + 6*v + 9. Is f(-4) prime?
False
Let i(v) = v**3 + 5*v**2 - 2*v - 6. Suppose -2*b = -2*n + n + 17, 0 = -5*n + 2*b + 45. Suppose -20 = n*x - 3*x. Is i(x) a prime number?
False
Is (-17724)/(-49) - 2/(-7) a composite number?
True
Let o(n) = 6*n**2 + 2*n - 1. Let m be (3 - 2)/(1/1). Let c be o(m). Let v(p) = p**3 - 8*p**2 + 11*p - 9. Is v(c) a composite number?
False
Suppose 11 = 4*m - 41. Let g be (-10563)/39 - 2/m. Let h = g - -564. Is h composite?
False
Let i = 18 + -18. Let z(m) = m**3 - 4*m**2 + 5*m - 4. Let a be z(3). Suppose 110 = 8*l - 3*l - 5*g, i = 2*l + a*g - 32. Is l a prime number?
True
Let w = 6 - -20. Suppose -4*k = -f + k - 17, 2*f = -5*k + w. Suppose 4*a = f*a + 15. Is a a prime number?
False
Let s(t) = -2*t**3 + 3*t**2 - 15*t - 17. Is s(-13) composite?
True
Let p = -177 - -308. Is p composite?
False
Suppose -5*b + 813 = -82. Is b composite?
False
Let y = -525 - -968. Is y a prime number?
True
Suppose -2*u = -169 - 493. Is u composite?
False
Let o(a) = 6*a + 6. Let x be o(-7). Let f be 52/(-9) - (-8)/x. Is 1149/9 + f/9 a composite number?
False
Let q be 3/6*(2 - -6). Suppose 0 = q*x - 5 - 15. Suppose 0 = x*z - 4*z - 119. Is z a composite number?
True
Let p be 94 - (1 + 0)/1. Suppose -p = -2*s + 197. Is s a composite number?
True
Suppose -23*j + 21*j = -1538. Is j prime?
True
Let d = 58 + 109. Suppose 33 + d = 4*f. Is f + 2 + (-2 - 1) a prime number?
False
Let m = -96 + 171. Let a = m - 52. Let v = a - 16. Is v a composite number?
False
Suppose -2*u + 4*l - 70 = 6*l, 5*l = 3*u + 65. Let x = 1 - u. Is x a prime number?
True
Let t(z) = -31*z**2 - 8*z. Let j be t(-6). Is (-3)/(-9) + j/(-9) composite?
True
Suppose -j - 6215 = -6*j. Is j composite?
True
Suppose 4*d + 4696 = 8*d. Is d a composite number?
True
Suppose -d - 4*v + 3 = -17, -3*v = -5*d - 15. Suppose 3*x + 0*x - 3 = d. Is x/((-315)/159 - -2) prime?
True
Let z(s) = 0 + 5 - 4 + s**2 - 5*s - 6*s**3 - 5*s**